{"id":1004,"date":"2023-01-31T13:55:10","date_gmt":"2023-01-31T13:55:10","guid":{"rendered":"https:\/\/bcits.eu\/?post_type=product&#038;p=1004"},"modified":"2023-01-31T17:38:39","modified_gmt":"2023-01-31T17:38:39","slug":"chargeur-acer-swift-1-3-5-series","status":"publish","type":"product","link":"https:\/\/bcits.eu\/index.php\/product\/chargeur-acer-swift-1-3-5-series\/","title":{"rendered":"Chargeur Acer Swift 1, 3, 5 series"},"content":{"rendered":"<ul class=\"a-unordered-list a-vertical a-spacing-mini\">\n<li><span class=\"a-list-item\">Chargeur Adaptateur pour Acer Swift, AC100-240V (usage universel) ; Sortie : DC 19V 2.37A-3.42A 45W-65W; Diameter du connecteur: 3,0*1,0MM. 2.4M C\u00e2ble d&#8217;alimentation standard europ\u00e9en est inclus. Certifi\u00e9e CE et RoHS. Garantie de 30 jours satisfait ou rembours\u00e9 et 2 ans. Charge fiable et rapide avec la technologie SUNYDEAL RapidPower. service \u00e0 la client\u00e8le amical si vous avez des questions, veuillez nous contacter. Ils ont \u00e9t\u00e9 test\u00e9s par le fabricant \u00e0 100%<\/span><\/li>\n<\/ul>\n","protected":false},"excerpt":{"rendered":"<p>Chargeur Adaptateur pour Acer Swift, AC100-240V (usage universel) ; Sortie : DC 19V 2.37A-3.42A 45W-65W; Diameter du connecteur: 3,0*1,0MM. 2.4M C\u00e2ble d&#8217;alimentation standard europ\u00e9en est inclus. Certifi\u00e9e CE et RoHS. Garantie de 30 jours satisfait ou rembours\u00e9 et 2 ans. Charge fiable et rapide avec la technologie SUNYDEAL RapidPower. service \u00e0 la client\u00e8le amical si &hellip; <\/p>\n<p class=\"link-more\"><a href=\"https:\/\/bcits.eu\/index.php\/product\/chargeur-acer-swift-1-3-5-series\/\" class=\"more-link\">Continue reading<span class=\"screen-reader-text\"> &#8220;Chargeur Acer Swift 1, 3, 5 series&#8221;<\/span><\/a><\/p>\n","protected":false},"featured_media":1007,"comment_status":"open","ping_status":"closed","template":"","meta":[],"product_brand":[],"product_cat":[4413],"product_tag":[],"class_list":{"0":"post-1004","1":"product","2":"type-product","3":"status-publish","4":"has-post-thumbnail","6":"product_cat-accessories","8":"first","9":"instock","10":"shipping-taxable","11":"purchasable","12":"product-type-simple"},"yoast_head":"<!-- This site is optimized with the Yoast SEO plugin v27.3 - https:\/\/yoast.com\/product\/yoast-seo-wordpress\/ -->\n<title>Chargeur Acer Swift 1, 3, 5 series -<\/title>\n<meta name=\"robots\" content=\"index, follow, max-snippet:-1, max-image-preview:large, max-video-preview:-1\" \/>\n<link rel=\"canonical\" href=\"https:\/\/bcits.eu\/index.php\/product\/chargeur-acer-swift-1-3-5-series\/\" \/>\n<meta property=\"og:locale\" content=\"en_US\" \/>\n<meta property=\"og:type\" content=\"article\" \/>\n<meta property=\"og:title\" content=\"Chargeur Acer Swift 1, 3, 5 series -\" \/>\n<meta property=\"og:description\" content=\"Chargeur Adaptateur pour Acer Swift, AC100-240V (usage universel) ; Sortie : DC 19V 2.37A-3.42A 45W-65W; Diameter du connecteur: 3,0*1,0MM. 2.4M C\u00e2ble d&#8217;alimentation standard europ\u00e9en est inclus. Certifi\u00e9e CE et RoHS. Garantie de 30 jours satisfait ou rembours\u00e9 et 2 ans. Charge fiable et rapide avec la technologie SUNYDEAL RapidPower. service \u00e0 la client\u00e8le amical si &hellip; Continue reading &quot;Chargeur Acer Swift 1, 3, 5 series&quot;\" \/>\n<meta property=\"og:url\" content=\"https:\/\/bcits.eu\/index.php\/product\/chargeur-acer-swift-1-3-5-series\/\" \/>\n<meta property=\"article:modified_time\" content=\"2023-01-31T17:38:39+00:00\" \/>\n<meta property=\"og:image\" content=\"https:\/\/bcits.eu\/wp-content\/uploads\/2023\/01\/61eRHkUzL._AC_SX679_.jpg\" \/>\n\t<meta property=\"og:image:width\" content=\"679\" \/>\n\t<meta property=\"og:image:height\" content=\"680\" \/>\n\t<meta property=\"og:image:type\" content=\"image\/jpeg\" \/>\n<meta name=\"twitter:card\" content=\"summary_large_image\" \/>\n<script type=\"application\/ld+json\" class=\"yoast-schema-graph\">{\"@context\":\"https:\\\/\\\/schema.org\",\"@graph\":[{\"@type\":\"WebPage\",\"@id\":\"https:\\\/\\\/bcits.eu\\\/index.php\\\/product\\\/chargeur-acer-swift-1-3-5-series\\\/\",\"url\":\"https:\\\/\\\/bcits.eu\\\/index.php\\\/product\\\/chargeur-acer-swift-1-3-5-series\\\/\",\"name\":\"Chargeur Acer Swift 1, 3, 5 series -\",\"isPartOf\":{\"@id\":\"https:\\\/\\\/bcits.eu\\\/#website\"},\"primaryImageOfPage\":{\"@id\":\"https:\\\/\\\/bcits.eu\\\/index.php\\\/product\\\/chargeur-acer-swift-1-3-5-series\\\/#primaryimage\"},\"image\":{\"@id\":\"https:\\\/\\\/bcits.eu\\\/index.php\\\/product\\\/chargeur-acer-swift-1-3-5-series\\\/#primaryimage\"},\"thumbnailUrl\":\"https:\\\/\\\/bcits.eu\\\/wp-content\\\/uploads\\\/2023\\\/01\\\/61eRHkUzL._AC_SX679_.jpg\",\"datePublished\":\"2023-01-31T13:55:10+00:00\",\"dateModified\":\"2023-01-31T17:38:39+00:00\",\"breadcrumb\":{\"@id\":\"https:\\\/\\\/bcits.eu\\\/index.php\\\/product\\\/chargeur-acer-swift-1-3-5-series\\\/#breadcrumb\"},\"inLanguage\":\"en-US\",\"potentialAction\":[{\"@type\":\"ReadAction\",\"target\":[\"https:\\\/\\\/bcits.eu\\\/index.php\\\/product\\\/chargeur-acer-swift-1-3-5-series\\\/\"]}]},{\"@type\":\"ImageObject\",\"inLanguage\":\"en-US\",\"@id\":\"https:\\\/\\\/bcits.eu\\\/index.php\\\/product\\\/chargeur-acer-swift-1-3-5-series\\\/#primaryimage\",\"url\":\"https:\\\/\\\/bcits.eu\\\/wp-content\\\/uploads\\\/2023\\\/01\\\/61eRHkUzL._AC_SX679_.jpg\",\"contentUrl\":\"https:\\\/\\\/bcits.eu\\\/wp-content\\\/uploads\\\/2023\\\/01\\\/61eRHkUzL._AC_SX679_.jpg\",\"width\":679,\"height\":680},{\"@type\":\"BreadcrumbList\",\"@id\":\"https:\\\/\\\/bcits.eu\\\/index.php\\\/product\\\/chargeur-acer-swift-1-3-5-series\\\/#breadcrumb\",\"itemListElement\":[{\"@type\":\"ListItem\",\"position\":1,\"name\":\"Home\",\"item\":\"https:\\\/\\\/bcits.eu\\\/\"},{\"@type\":\"ListItem\",\"position\":2,\"name\":\"Shop\",\"item\":\"https:\\\/\\\/bcits.eu\\\/index.php\\\/shop\\\/\"},{\"@type\":\"ListItem\",\"position\":3,\"name\":\"Chargeur Acer Swift 1, 3, 5 series\"}]},{\"@type\":\"WebSite\",\"@id\":\"https:\\\/\\\/bcits.eu\\\/#website\",\"url\":\"https:\\\/\\\/bcits.eu\\\/\",\"name\":\"BCITS\",\"description\":\"\",\"publisher\":{\"@id\":\"https:\\\/\\\/bcits.eu\\\/#organization\"},\"potentialAction\":[{\"@type\":\"SearchAction\",\"target\":{\"@type\":\"EntryPoint\",\"urlTemplate\":\"https:\\\/\\\/bcits.eu\\\/?s={search_term_string}\"},\"query-input\":{\"@type\":\"PropertyValueSpecification\",\"valueRequired\":true,\"valueName\":\"search_term_string\"}}],\"inLanguage\":\"en-US\"},{\"@type\":\"Organization\",\"@id\":\"https:\\\/\\\/bcits.eu\\\/#organization\",\"name\":\"BCITS\",\"url\":\"https:\\\/\\\/bcits.eu\\\/\",\"logo\":{\"@type\":\"ImageObject\",\"inLanguage\":\"en-US\",\"@id\":\"https:\\\/\\\/bcits.eu\\\/#\\\/schema\\\/logo\\\/image\\\/\",\"url\":\"https:\\\/\\\/bcits.eu\\\/wp-content\\\/uploads\\\/2021\\\/04\\\/cropped-BCITS_logo-1-1.png\",\"contentUrl\":\"https:\\\/\\\/bcits.eu\\\/wp-content\\\/uploads\\\/2021\\\/04\\\/cropped-BCITS_logo-1-1.png\",\"width\":516,\"height\":250,\"caption\":\"BCITS\"},\"image\":{\"@id\":\"https:\\\/\\\/bcits.eu\\\/#\\\/schema\\\/logo\\\/image\\\/\"},\"sameAs\":[\"https:\\\/\\\/www.linkedin.com\\\/company\\\/bcits-independent\\\/\"]}]}<\/script>\n<!-- \/ Yoast SEO plugin. -->","yoast_head_json":{"title":"Chargeur Acer Swift 1, 3, 5 series -","robots":{"index":"index","follow":"follow","max-snippet":"max-snippet:-1","max-image-preview":"max-image-preview:large","max-video-preview":"max-video-preview:-1"},"canonical":"https:\/\/bcits.eu\/index.php\/product\/chargeur-acer-swift-1-3-5-series\/","og_locale":"en_US","og_type":"article","og_title":"Chargeur Acer Swift 1, 3, 5 series -","og_description":"Chargeur Adaptateur pour Acer Swift, AC100-240V (usage universel) ; Sortie : DC 19V 2.37A-3.42A 45W-65W; Diameter du connecteur: 3,0*1,0MM. 2.4M C\u00e2ble d&#8217;alimentation standard europ\u00e9en est inclus. Certifi\u00e9e CE et RoHS. Garantie de 30 jours satisfait ou rembours\u00e9 et 2 ans. Charge fiable et rapide avec la technologie SUNYDEAL RapidPower. service \u00e0 la client\u00e8le amical si &hellip; Continue reading \"Chargeur Acer Swift 1, 3, 5 series\"","og_url":"https:\/\/bcits.eu\/index.php\/product\/chargeur-acer-swift-1-3-5-series\/","article_modified_time":"2023-01-31T17:38:39+00:00","og_image":[{"width":679,"height":680,"url":"https:\/\/bcits.eu\/wp-content\/uploads\/2023\/01\/61eRHkUzL._AC_SX679_.jpg","type":"image\/jpeg"}],"twitter_card":"summary_large_image","schema":{"@context":"https:\/\/schema.org","@graph":[{"@type":"WebPage","@id":"https:\/\/bcits.eu\/index.php\/product\/chargeur-acer-swift-1-3-5-series\/","url":"https:\/\/bcits.eu\/index.php\/product\/chargeur-acer-swift-1-3-5-series\/","name":"Chargeur Acer Swift 1, 3, 5 series -","isPartOf":{"@id":"https:\/\/bcits.eu\/#website"},"primaryImageOfPage":{"@id":"https:\/\/bcits.eu\/index.php\/product\/chargeur-acer-swift-1-3-5-series\/#primaryimage"},"image":{"@id":"https:\/\/bcits.eu\/index.php\/product\/chargeur-acer-swift-1-3-5-series\/#primaryimage"},"thumbnailUrl":"https:\/\/bcits.eu\/wp-content\/uploads\/2023\/01\/61eRHkUzL._AC_SX679_.jpg","datePublished":"2023-01-31T13:55:10+00:00","dateModified":"2023-01-31T17:38:39+00:00","breadcrumb":{"@id":"https:\/\/bcits.eu\/index.php\/product\/chargeur-acer-swift-1-3-5-series\/#breadcrumb"},"inLanguage":"en-US","potentialAction":[{"@type":"ReadAction","target":["https:\/\/bcits.eu\/index.php\/product\/chargeur-acer-swift-1-3-5-series\/"]}]},{"@type":"ImageObject","inLanguage":"en-US","@id":"https:\/\/bcits.eu\/index.php\/product\/chargeur-acer-swift-1-3-5-series\/#primaryimage","url":"https:\/\/bcits.eu\/wp-content\/uploads\/2023\/01\/61eRHkUzL._AC_SX679_.jpg","contentUrl":"https:\/\/bcits.eu\/wp-content\/uploads\/2023\/01\/61eRHkUzL._AC_SX679_.jpg","width":679,"height":680},{"@type":"BreadcrumbList","@id":"https:\/\/bcits.eu\/index.php\/product\/chargeur-acer-swift-1-3-5-series\/#breadcrumb","itemListElement":[{"@type":"ListItem","position":1,"name":"Home","item":"https:\/\/bcits.eu\/"},{"@type":"ListItem","position":2,"name":"Shop","item":"https:\/\/bcits.eu\/index.php\/shop\/"},{"@type":"ListItem","position":3,"name":"Chargeur Acer Swift 1, 3, 5 series"}]},{"@type":"WebSite","@id":"https:\/\/bcits.eu\/#website","url":"https:\/\/bcits.eu\/","name":"BCITS","description":"","publisher":{"@id":"https:\/\/bcits.eu\/#organization"},"potentialAction":[{"@type":"SearchAction","target":{"@type":"EntryPoint","urlTemplate":"https:\/\/bcits.eu\/?s={search_term_string}"},"query-input":{"@type":"PropertyValueSpecification","valueRequired":true,"valueName":"search_term_string"}}],"inLanguage":"en-US"},{"@type":"Organization","@id":"https:\/\/bcits.eu\/#organization","name":"BCITS","url":"https:\/\/bcits.eu\/","logo":{"@type":"ImageObject","inLanguage":"en-US","@id":"https:\/\/bcits.eu\/#\/schema\/logo\/image\/","url":"https:\/\/bcits.eu\/wp-content\/uploads\/2021\/04\/cropped-BCITS_logo-1-1.png","contentUrl":"https:\/\/bcits.eu\/wp-content\/uploads\/2021\/04\/cropped-BCITS_logo-1-1.png","width":516,"height":250,"caption":"BCITS"},"image":{"@id":"https:\/\/bcits.eu\/#\/schema\/logo\/image\/"},"sameAs":["https:\/\/www.linkedin.com\/company\/bcits-independent\/"]}]}},"_links":{"self":[{"href":"https:\/\/bcits.eu\/index.php\/wp-json\/wp\/v2\/product\/1004","targetHints":{"allow":["GET"]}}],"collection":[{"href":"https:\/\/bcits.eu\/index.php\/wp-json\/wp\/v2\/product"}],"about":[{"href":"https:\/\/bcits.eu\/index.php\/wp-json\/wp\/v2\/types\/product"}],"replies":[{"embeddable":true,"href":"https:\/\/bcits.eu\/index.php\/wp-json\/wp\/v2\/comments?post=1004"}],"wp:featuredmedia":[{"embeddable":true,"href":"https:\/\/bcits.eu\/index.php\/wp-json\/wp\/v2\/media\/1007"}],"wp:attachment":[{"href":"https:\/\/bcits.eu\/index.php\/wp-json\/wp\/v2\/media?parent=1004"}],"wp:term":[{"taxonomy":"product_brand","embeddable":true,"href":"https:\/\/bcits.eu\/index.php\/wp-json\/wp\/v2\/product_brand?post=1004"},{"taxonomy":"product_cat","embeddable":true,"href":"https:\/\/bcits.eu\/index.php\/wp-json\/wp\/v2\/product_cat?post=1004"},{"taxonomy":"product_tag","embeddable":true,"href":"https:\/\/bcits.eu\/index.php\/wp-json\/wp\/v2\/product_tag?post=1004"}],"curies":[{"name":"wp","href":"https:\/\/api.w.org\/{rel}","templated":true}]}}